or of 6515 and 5.
5
Calculate the greatest common divisor of 13874 and 14.
14
What is the highest common divisor of 38 and 57?
19
What is the greatest common divisor of 10 and 5535?
5
Calculate the greatest common factor of 1290 and 6966.
258
What is the highest common factor of 8 and 648?
8
Calculate the greatest common divisor of 18 and 99.
9
What is the highest common divisor of 28960 and 20?
20
What is the greatest common factor of 47 and 1363?
47
What is the greatest common factor of 60 and 285?
15
Calculate the greatest common factor of 1067 and 22.
11
What is the highest common divisor of 187 and 272?
17
Calculate the highest common divisor of 10 and 57010.
10
What is the greatest common divisor of 957 and 77?
11
Calculate the greatest common divisor of 3 and 267.
3
What is the greatest common divisor of 18 and 1062?
18
Calculate the greatest common factor of 12 and 244.
4
What is the highest common divisor of 1918 and 112?
14
Calculate the highest common divisor of 442 and 51.
17
What is the greatest common divisor of 3431 and 73?
73
Calculate the highest common divisor of 546 and 14352.
78
Calculate the highest common divisor of 272 and 16.
16
What is the highest common divisor of 48 and 32?
16
What is the highest common factor of 23 and 18929?
23
What is the highest common divisor of 5 and 355?
5
Calculate the highest common divisor of 344 and 52.
4
What is the greatest common factor of 190 and 7296?
38
Calculate the greatest common factor of 22 and 44.
22
Calculate the highest common divisor of 195 and 60.
15
Calculate the greatest common divisor of 15 and 453.
3
Calculate the greatest common factor of 66 and 154.
22
What is the highest common factor of 10519 and 469?
67
What is the highest common divisor of 17 and 272?
17
Calculate the greatest common divisor of 363 and 1056.
33
What is the highest common factor of 66 and 3894?
66
What is the highest common divisor of 63 and 2394?
63
What is the highest common divisor of 1632 and 64?
32
Calculate the highest common factor of 12 and 366.
6
What is the highest common factor of 16 and 184?
8
Calculate the highest common factor of 1104 and 144.
48
Calculate the greatest common divisor of 3819 and 603.
201
What is the greatest common divisor of 38 and 1235?
19
Calculate the highest common divisor of 170 and 68.
34
What is the greatest common divisor of 32 and 9800?
8
Calculate the highest common factor of 144 and 33192.
72
What is the highest common divisor of 46 and 4?
2
Calculate the greatest common divisor of 1155 and 6237.
231
What is the greatest common factor of 275 and 45375?
275
Calculate the greatest common factor of 4 and 100.
4
Calculate the highest common factor of 326 and 4.
2
What is the greatest common factor of 141 and 3854?
47
Calculate the greatest common factor of 84 and 399.
21
Calculate the greatest common factor of 207 and 3427.
23
What is the greatest common factor of 74 and 82?
2
What is the highest common divisor of 1107 and 81?
27
What is the greatest common divisor of 56 and 406?
14
Calculate the greatest common divisor of 2754 and 108.
54
Calculate the greatest common divisor of 1974 and 378.
42
What is the highest common factor of 102 and 867?
51
What is the greatest common factor of 98 and 16954?
98
Calculate the greatest common factor of 320 and 100.
20
What is the highest common factor of 2 and 178?
2
Calculate the greatest common divisor of 615 and 15.
15
Calculate the greatest common factor of 2 and 38.
2
Calculate the highest common divisor of 64 and 10016.
32
Calculate the highest common factor of 1550 and 2511.
31
Calculate the highest common factor of 32 and 872.
8
What is the highest common divisor of 7 and 359?
1
What is the highest common factor of 90 and 850?
10
Calculate the greatest common divisor of 48 and 592.
16
What is the highest common divisor of 13 and 572?
13
Calculate the greatest common divisor of 289 and 153.
17
Calculate the greatest common factor of 11 and 6996.
11
Calculate the greatest common divisor of 45 and 720.
45
Calculate the highest common factor of 261 and 207.
9
What is the greatest common factor of 380 and 6555?
95
What is the highest common divisor of 9 and 101?
1
What is the greatest common divisor of 63 and 1533?
21
What is the highest common factor of 1577 and 332?
83
Calculate the greatest common divisor of 437 and 3325.
19
Calculate the greatest common divisor of 16 and 3.
1
Calculate the highest common factor of 3045 and 420.
105
Calculate the highest common factor of 12150 and 1485.
135
What is the greatest common divisor of 2001 and 783?
87
What is the highest common divisor of 1040 and 80?
80
What is the highest common factor of 4361 and 147?
49
Calculate the greatest common factor of 377 and 1537.
29
What is the greatest common factor of 7 and 9863?
7
Calculate the greatest common divisor of 161 and 23.
23
What is the highest common divisor of 11 and 2893?
11
What is the greatest common divisor of 3322 and 88?
22
Calculate the highest common factor of 13 and 104.
13
What is the highest common factor of 254 and 39751?
127
What is the greatest common divisor of 11 and 51139?
11
Calculate the greatest common divisor of 4 and 1084.
4
Calculate the greatest common divisor of 1264 and 32.
16
What is the highest common divisor of 344 and 16856?
344
Calculate the greatest common factor of 26 and 7631.
13
What is the highest common divisor of 864 and 32?
32
What is the highest common factor of 30 and 7905?
15
Calculate the highest common factor of 54 and 9342.
54
Calculate the greatest common divisor of 16456 and 170.
34
What is the highest common factor of 13 and 73957?
13
What is the highest common divisor of 4039 and 7?
7
Calculate the highest common divisor of 19 and 1102.
19
Calculate the greatest common factor of 1 and 8.
1
Calculate the greatest common divisor of 36 and 228.
12
Calculate the highest common factor of 1313 and 169.
13
What is the greatest common factor of 217 and 56?
7
Calculate the highest common factor of 745 and 10.
5
What is the greatest common divisor of 888 and 48?
24
What is the greatest common factor of 20 and 460?
20
What is the greatest common divisor of 153 and 3859?
17
Calculate the highest common factor of 1313 and 52.
13
Calculate the highest common divisor of 1342 and 22.
22
What is the greatest common factor of 189 and 504?
63
Calculate the highest common factor of 80 and 16030.
10
Calculate the greatest common factor of 908 and 4.
4
What is the highest common factor of 544 and 51?
17
Calculate the greatest common divisor of 112 and 1744.
16
What is the highest common factor of 127 and 12827?
127
What is the highest common factor of 8320 and 65?
65
What is the highest common factor of 616 and 7854?
154
Calculate the highest common divisor of 28 and 7.
7
Calculate the greatest common divisor of 244 and 16.
4
What is the highest common divisor of 136 and 2074?
34
Calculate the highest common divisor of 10 and 1210.
10
What is the highest common factor of 10 and 109240?
10
What is the greatest common factor of 608 and 38?
38
What is the greatest common divisor of 7324 and 16?
4
Calculate the highest common divisor of 590 and 5074.
118
Calculate the highest common factor of 3084 and 108.
12
Calculate the greatest common divisor of 3321 and 18.
9
What is the greatest common factor of 444 and 36852?
444
Calculate the greatest common factor of 1311 and 21.
3
What is the greatest common factor of 60 and 480?
60
Calculate the greatest common divisor of 29 and 493.
29
What is the greatest common divisor of 779 and 82?
41
Calculate the highest common divisor of 1519 and 31.
31
Calculate the highest common divisor of 11 and 1661.
11
What is the greatest common factor of 11217 and 3?
3
Calculate the greatest common factor of 6027 and 3.
3
Calculate the highest common factor of 270 and 2295.
135
What is the highest common factor of 5876 and 104?
52
What is the highest common divisor of 8096 and 33?
11
Calculate the highest common factor of 150 and 510.
30
Calculate the greatest common factor of 22 and 704.
22
Calculate the greatest common divisor of 483 and 276.
69
Calculate the highest common factor of 4029 and 711.
237
Calculate the greatest common factor of 1364 and 1276.
44
Calculate 